What is the units digit of w?
5
Suppose -140 = 38*o - 33*o. What is the units digit of (266/o)/(((-1)/12)/1)?
4
Let x = -6 + 19. Suppose -2 = -4*m + j + 72, -m = -3*j - x. What is the tens digit of m?
1
Suppose 10*r = 9*r - 15. Let m = r - -15. What is the tens digit of (2 - m - 1)*19?
1
Let a(z) = 1. Let t(l) = 33*l - 1. Let p(s) = -5*a(s) - t(s). What is the units digit of p(-3)?
5
Suppose -2*r - 14 = -4*r. Suppose r*n = 5*n + 6. Suppose -4*g = -5*y + 12, -4*y + y + 6 = -n*g. What is the units digit of g?
2
Let s(g) = -67*g**3 + g**2 - 3*g - 7. What is the tens digit of s(-2)?
3
What is the tens digit of (-8)/(-32)*(2761 + (-1 - -4))?
9
Let n = 0 + 0. Suppose -y = -n*y. Let l(o) = -o**2 - 2*o + 16. What is the tens digit of l(y)?
1
What is the tens digit of 56 + -1 + 2/1 + 3?
6
Let f(t) = t - 13. Let b = -22 + 37. Let c be f(b). Suppose 43 = c*y - 5. What is the tens digit of y?
2
Let x be -2 + (0 + 18)/3. Suppose x + 88 = r. What is the units digit of r?
2
Let o = 0 + 33. What is the units digit of (3 - o)/(45/(-12) + 3)?
0
Suppose -13*p + 7*p = 0. Let s(c) = c**3 + 2*c**2 - c + 1. Let t be s(-2). What is the tens digit of (22*t - p) + 0?
6
Suppose 4*w = 3*k + 304, w + 3*k - 38 - 23 = 0. What is the units digit of w?
3
Suppose x = -q + 258, -5*q - 1290 = -16*x + 11*x. What is the tens digit of x?
5
Let m(d) = -28*d - 4. Let k be m(-12). Suppose -3*a - b + 330 = a, k = 4*a + 2*b. What is the units digit of a?
2
Let p = 901 - 242. What is the hundreds digit of p?
6
Suppose 0 = 4*x + 36 - 108. Let g be 1/(3*2/x). Suppose z + z - o - 39 = 0, 9 = -g*o. What is the tens digit of z?
1
Let l = -19 + 3. Let z = 21 + l. Suppose 0 = 4*u - z*j - 94, 0*u - 31 = -u + 5*j. What is the units digit of u?
1
Let w = 4666 - 2432. What is the hundreds digit of w?
2
Let t(h) = -7*h - 12. Suppose 0 = -15*a + 11*a + 24. Suppose -a*v + 4*v = 10. What is the units digit of t(v)?
3
Suppose 2*f - 40 = -s, f - 42 = -2*f + 3*s. Suppose -7*b + f = -17. What is the units digit of b?
5
What is the units digit of (-19 + 2 + -1)*-298?
4
Let a be (-7)/1*-3 - 1. Let m = a + -9. What is the tens digit of 12*(-3 + m/2)?
3
Suppose -6*o = -3*o + 5*g - 77, 0 = 3*o + 4*g - 73. Suppose 1 + o = -5*a. What is the units digit of 252/(-6)*2/a?
1
Let f(w) = -2*w**3 - 16*w**2 - 11*w - 15. What is the units digit of f(-8)?
3
Let s = -18 + 8. Let m = s + 11. Let q = m + 31. What is the tens digit of q?
3
Suppose 0 = h - 4, 3*w + 5*h - 35 = -0. Suppose -w*j - 36 = -236. What is the units digit of j?
0
Let k = 29 + -24. What is the units digit of 2254/35 - 2/k?
4
Let r(d) = -79*d - 5. Suppose z = -5*a + 2*z - 8, 4*z + 12 = -2*a. What is the tens digit of r(a)?
5
Let l be (0 - (-8)/6)*18. What is the units digit of (78/(-8))/(l/(-64))?
6
Suppose -162 = -7*y + 174. What is the tens digit of y?
4
Let k(c) = 18*c - 6. Let f be k(7). Suppose 2*h = 4*h + y - f, h - 4*y = 78. What is the tens digit of (-3)/(-2)*h/3?
3
Let b(q) be the second derivative of -q**5/20 - q**4/2 - q**3/2 + 5*q**2 + 4*q. Let x be b(-7). Let u = x - 31. What is the units digit of u?
9
Let z = 525 + 390. What is the tens digit of z?
1
Let n be 2/(-2)*(-4 - -4). Suppose -d + 32 - 26 = n. What is the units digit of d?
6
Let w(n) = n - 49. Let k(g) = -1. Let o(y) = -k(y) - w(y). Let x be 0*((-4)/30 + 95/150). What is the units digit of o(x)?
0
Let r be ((-18)/15)/(6/(-15)). Suppose 21 = i - 4*h, 2*i - r*h = 5 + 17. Suppose -k - 65 = -6*k + 5*p, i*k = -2*p + 93. What is the units digit of k?
7
Suppose -19 - 9 = -3*y - 2*l, -5 = -y - 5*l. Let i(z) = z**3 - 9*z**2 - 4*z - 10. What is the units digit of i(y)?
0
What is the hundreds digit of (-64)/12*213*1/(-4)?
2
Suppose -14*j + 3*z = -19*j + 29, 0 = 5*j + 2*z - 31. Let n = 123 - 79. Let h = n - j. What is the units digit of h?
7
Suppose 0 = 25*d + 18*d - 35819. What is the tens digit of d?
3
Suppose 4*b + 4 = -4*w, 0*w + 2*w = -5*b - 11. Let k(g) = g**2 + 5*g - 6. Let t be k(-6). Suppose t = a - 2*a + w. What is the units digit of a?
2
Let h(p) = -5*p + 9. What is the units digit of h(-10)?
9
Suppose 8*p - 3449 = 2783. What is the tens digit of p?
7
Let m(n) = n**2 + 3*n + 5. Let l(w) = 3*w**2 + 6*w + 9. Let k be ((-14)/4)/(1/2). Let t(c) = k*m(c) + 4*l(c). What is the units digit of t(3)?
5
Suppose 5*x = -4*i + 27, x + 2*i + 2*i - 15 = 0. Suppose p + 128 = x*p. What is the units digit of p?
4
Let h(b) = 5*b - 2. Let r be h(1). Let w(p) = p**3 - 4*p + 2. What is the units digit of w(r)?
7
Let a(m) = 2*m**3 - m + 65. Let o be a(0). What is the tens digit of (-5)/4 + (-5)/(-20) + o?
6
Let s(i) = -6*i - 44. What is the tens digit of s(-23)?
9
Suppose 0 = -2*n + n + 1492. Suppose -4*a - 2864 = n. What is the units digit of a/(-55) + (-1)/(-5)?
0
Suppose -2*g - 912 = -2*i + 2260, 0 = -i - 4*g + 1561. What is the tens digit of i?
8
Let n = 24 - 173. Let s = 271 + n. What is the hundreds digit of s?
1
Let r = -39 - -44. Suppose 4*g = -j - 4*j + 108, 0 = 4*j - r*g - 70. What is the tens digit of j?
2
Let y = 2033 - 823. What is the hundreds digit of y?
2
Let u = 31 - 27. Suppose u*r - 5*r = -62. What is the tens digit of r?
6
Let j = 78 - 78. What is the tens digit of (4 - 4) + j + 23?
2
Let o(q) = -684*q + 46. What is the units digit of o(-2)?
4
Let q(l) = -6*l - 14. Let g(x) = -2*x - 5. Let i(w) = 10*g(w) - 3*q(w). What is the tens digit of i(-10)?
1
Let v = -9 - -14. Let q(d) = 5 - 1 - v + 5 + d. What is the units digit of q(-2)?
2
What is the tens digit of (-3*(-20)/45)/((-12)/(-19062))?
1
Let w = 1321 + -55. What is the tens digit of w?
6
Let b(g) = -918*g - 149. What is the units digit of b(-2)?
7
Suppose -14*y - 149240 = -66*y. What is the thousands digit of y?
2
What is the units digit of (-8185)/(-2)*-30*(-16)/400?
1
Suppose 4*r - 28 - 32 = 0. Suppose -a + 11 = -r. Let l = -21 + a. What is the units digit of l?
5
What is the units digit of 607/3*(5 + (-2)/1)?
7
Let z(g) = 7*g + 5. Let s(m) = 9*m + 4. Let t(x) = 2*s(x) - 3*z(x). Let n = 6 - 15. What is the units digit of t(n)?
0
Let z(n) be the first derivative of -8*n**2 - 7*n + 10. What is the units digit of z(-5)?
3
Let a(p) = -3*p**3 - 7*p**2 - 39*p + 71. What is the thousands digit of a(-10)?
2
Suppose 0 = -11*a + 8*a + 339. Suppose -403 = -12*c + a. What is the units digit of c?
3
Let q = 27 + -21. What is the units digit of (-128)/3*q/(-4)?
4
Let b(p) = 5*p**2 + 4*p + 4. Let l be b(-4). Suppose -2*c = -2 - 2, 0 = -n - 4*c + l. What is the units digit of n?
0
Let q(g) = 2 - 13 - 11*g - 15*g**2 + g**3 - 7. What is the tens digit of q(16)?
6
Let a(q) = 2*q**2 + 7*q + 9. Let s = -21 + 15. What is the tens digit of a(s)?
3
What is the hundreds digit of ((-362)/(-12))/(13/156)?
3
Let s(k) = 151*k - 168. What is the hundreds digit of s(9)?
1
Let i(b) = -3*b**3 + b**2 - b. Let w be i(1). Let v be (w + -1)/4 - -61. Suppose v - 5 = 5*h. What is the tens digit of h?
1
Suppose -42*b + 2012 = -38*b. What is the units digit of b?
3
Let n(j) = j + 8. Suppose -7*l + 5*l = -20. What is the units digit of n(l)?
8
Suppose -2*w + n + 632 = 3*w, -3*w - 3*n = -372. Let g be ((-105)/12)/(-7)*4. Suppose -g*i + w = 26. What is the units digit of i?
0
Let h(v) = v. Let f(z) be the third derivative of 7*z**4/24 - z**3/6 - 2*z**2. Let j(w) = f(w) - 5*h(w). What is the units digit of j(1)?
1
Let k(x) = 2*x**2 - 5*x - 8. Let f be k(5). Let i = -16 + f. What is the units digit of 51 - i - (-4 + 3)?
1
Suppose 2*u = 4, -61*f + 4*u + 2616 = -59*f. What is the units digit of f?
2
Let a(z) be the first derivative of z**3/3 - 15*z**2/2 - 17*z + 19. What is the tens digit of a(19)?
5
Suppose -5*n = -g + 3*g - 15, 2*n - 4*g - 6 = 0. Suppose -l = 5*b + l - 194, -l - 112 = -n*b. What is the tens digit of b?
3
What is the units digit of 4669/5 + 4/20?
4
Suppose 0 = 5*y - 0*y - 15, -3*t = -4*y - 1743. Suppose -3*r = 4*g - 388, -4*r - 63 = 3*g - t. What is the units digit of r?
2
Let a(s) be the third derivative of -7*s**4/12 - 25*s**3/6 + 17*s**2. What is the tens digit of a(-3)?
1
Let r(o) be the second derivative of 65*o**4/12 + o**3 - 9*o**2/2 + o. What is the hundreds digit of r(2)?
2
Suppose 447*g + 1127 = 454*g. What is the units digit of g?
1
Let f be ((-8)/2 + 4)/3. What is the tens digit of 17 + 65 - (-2 - f)?
8
Let m = 2074 + -1164. What is the tens dig